2880. What is q(-415)?
-25
Let l(x) = -17*x**2 + 17544*x + 17546. Calculate l(-1).
-15
Let h(u) = u**3 - 60*u**2 - 893*u + 54862. What is h(60)?
1282
Let t(b) = -3*b**3 - 303*b**2 + 2*b + 438. What is t(-101)?
236
Let l(s) = 9*s**3 - 361*s**2 + 63*s - 332. What is l(40)?
588
Let h(f) = 2*f**2 + 1170*f + 163051. Calculate h(-356).
3
Let l(q) = 35*q**3 - 2240*q**2 - 12*q + 726. Give l(64).
-42
Let d(v) = 17*v**3 + 3*v**2 + 267*v + 1042. What is d(-4)?
-1066
Let h(u) = 112*u**3 + 4*u**2 + 267*u - 1016. Give h(4).
7284
Let j(i) = -i**3 - 208*i**2 - 3076*i - 719. Give j(-192).
49
Let a(y) = -12*y**2 - 564*y - 197. Determine a(-40).
3163
Let m(w) = 75523*w + 377701. Give m(-5).
86
Let v(k) = -k**2 - 18*k + 12. What is v(-25)?
-163
Let k(r) = -2*r**2 - 9707*r + 9713. Give k(1).
4
Let n(j) = 3*j**3 + 477*j**2 + 3*j + 675. Give n(-159).
198
Let b(o) = -o**2 + 278*o + 74929. What is b(446)?
1
Let h(b) = -12423*b + 360366. Calculate h(29).
99
Let x(u) = u**2 - 22*u - 1816. Calculate x(-32).
-88
Let f(q) = 204*q**2 + 690*q - 1431. Give f(-5).
219
Let m(d) = 149*d + 3797. Give m(-26).
-77
Let f(i) = -10*i**2 + 301*i + 176. Determine f(28).
764
Let l(v) = -20*v**3 + 7*v**2 - 549*v + 1074. What is l(2)?
-156
Let z(v) = 2600*v + 12894. Calculate z(-5).
-106
Let g(k) = 78609*k + 1100541. Determine g(-14).
15
Let c(w) = -w**3 + 174*w**2 + 2320*w - 111. Determine c(-13).
1332
Let l(b) = 3*b**3 - 106*b**2 - 321*b + 9. Determine l(-3).
-63
Let o(i) = -9*i**2 - 1303*i + 2303. What is o(-144)?
3311
Let b(d) = -7*d - 107. Give b(-79).
446
Let m(k) = -k**2 - 3530*k + 233905. What is m(65)?
230
Let f(d) = 422*d - 30389. Determine f(72).
-5
Let b(h) = -h**3 + 37*h**2 + 888*h - 4085. Determine b(4).
-5
Let u(q) = -q**3 - 457*q**2 + 854*q - 29409. Give u(-459).
-33
Let y(l) = -606607*l - 43675701. Calculate y(-72).
3
Let h(k) = 11*k**2 + 365*k + 24. Calculate h(-33).
-42
Let a(k) = -3*k**3 - 133*k**2 + 163*k + 3295. Calculate a(-45).
10
Let a(l) = 2*l**3 - 360*l**2 - 764*l + 6556. Determine a(182).
4
Let x(z) = 2*z**3 - 84*z**2 + 126*z + 27. What is x(40)?
-1333
Let x(i) = 4*i**2 + 377*i + 1152. What is x(-3)?
57
Let v(d) = -49339*d + 27728525. What is v(562)?
7
Let y(u) = -50*u**2 + 8001*u - 265. What is y(160)?
-105
Let b(q) = 10*q**2 - 414*q + 2402. Give b(6).
278
Let q(t) = 2*t**2 + 696*t + 60486. Determine q(-178).
-34
Let g(h) = -h**3 + 311*h**2 + 1583*h - 1095. Give g(316).
-147
Let r(u) = 5767*u - 5697810. What is r(988)?
-14
Let s(n) = -n**2 - 1713*n + 369960. Determine s(194).
2
Let u(h) = -5650*h + 67706. Determine u(12).
-94
Let t(w) = -195*w**2 + 2359*w - 72. Determine t(12).
156
Let k(a) = -14108*a - 1439011. Give k(-102).
5
Let w(x) = 30*x**2 + 2614*x + 23404. What is w(-77)?
-4
Let r(s) = -s**3 + 2*s**2 + 97879*s + 97878. What is r(-1)?
2
Let i(a) = -376*a**3 - 34*a**2 - a + 36. Give i(1).
-375
Let q(a) = -16792*a + 570927. Give q(34).
-1
Let s(p) = 37107*p - 3413881. Give s(92).
-37
Let n(q) = q**2 - 38*q - 6197. Determine n(-36).
-3533
Let o(r) = -10466*r + 20938. Give o(2).
6
Let g(t) = t**2 - 1442*t + 56264. What is g(40)?
184
Let x(z) = z**3 - 153*z**2 + 1663*z - 291. Determine x(12).
-639
Let j(g) = -7*g**2 - 2536*g - 194542. Determine j(-252).
2
Let t(c) = c**3 + 52*c**2 + 635*c + 17. Calculate t(-16).
-927
Let b(w) = -2*w**3 + 67*w**2 + 175*w + 270. Give b(36).
90
Let i(u) = u**3 - 27*u**2 + 92*u - 124. Determine i(25).
926
Let d(c) = 3*c**3 + 467*c**2 - 4630*c - 1670. Calculate d(-165).
-20
Let i(a) = a**3 + 109*a**2 - 937*a - 159. Determine i(-117).
-42
Let q(a) = 49*a**2 - 32*a - 340. Determine q(3).
5
Let u(f) = -5975*f - 1104. Give u(0).
-1104
Let c(f) = 6061*f - 400176. Calculate c(66).
-150
Let w(h) = 98014*h - 7449083. Give w(76).
-19
Let k(y) = y**3 - 106*y**2 + 1290*y - 286. Calculate k(92).
-102
Let s(a) = -a**3 - 42*a**2 + 46*a + 1179. What is s(6)?
-273
Let z(q) = -q**2 - 2280*q - 69713. Determine z(-31).
6
Let q(j) = j**2 - 398*j + 16837. Give q(48).
37
Let q(p) = -5*p**3 + 10*p**2 + 4*p + 34. Calculate q(0).
34
Let l(f) = -242*f + 5871. Give l(24).
63
Let v(x) = -13*x**2 + 57*x - 16. What is v(8)?
-392
Let k(z) = -99*z + 14731. What is k(185)?
-3584
Let z(o) = 13*o**3 + 84*o**2 - 2328*o - 2413. What is z(-1)?
-14
Let y(u) = -70704*u - 424218. Calculate y(-6).
6
Let c(u) = -79*u**2 - 315*u - 2806. What is c(-8)?
-5342
Let j(g) = -3*g**3 - 8*g**2 + 398*g + 799. What is j(-2)?
-5
Let p(v) = -7873*v + 338541. Give p(43).
2
Let l(q) = -1751*q - 66558. What is l(-38)?
-20
Let l(i) = -i**3 + 66*i**2 + 9424*i - 160448. What is l(-79)?
1
Let s(i) = 8*i**2 - 4934*i - 70649. Give s(-14).
-5
Let s(p) = 2*p**2 + 455*p - 5752. Determine s(13).
501
Let o(y) = -2*y**2 + 251*y + 3237. Give o(-12).
-63
Let f(n) = -2*n**3 - 44*n**2 + 729*n + 6. What is f(12)?
-1038
Let k(i) = -3*i**3 + 97*i**2 - 129*i + 3019. Calculate k(32).
-85
Let v(a) = a**3 + 16*a**2 - 1446*a - 12. What is v(0)?
-12
Let r(h) = -56*h**3 - 694*h**2 + 428*h - 172. What is r(-13)?
10
Let j(v) = v**2 + 752*v + 137240. Determine j(-440).
-40
Let f(x) = 1924*x + 9572. Determine f(-5).
-48
Let s(u) = 1163*u - 8987. What is s(8)?
317
Let u(j) = -7*j**2 - 125*j + 3425. Determine u(-33).
-73
Let p(w) = 223*w - 7484. Determine p(15).
-4139
Let p(f) = 42100*f + 84303. Calculate p(-2).
103
Let p(r) = -r**3 + 56*r**2 - 45*r - 660. Give p(55).
-110
Let j(l) = l**3 - 20*l**2 - 405*l - 2036. Give j(34).
378
Let k(i) = 118*i**3 + 2*i**2 + 2*i + 16. Calculate k(0).
16
Let x(j) = -43*j**2 + 724*j + 41. Calculate x(17).
-78
Let w(z) = 2*z**2 + 9877*z + 806014. Give w(-83).
1
Let j(s) = 2053*s - 244567. What is j(119)?
-260
Let d(x) = 2*x**3 - 119*x**2 + 566*x + 1550. Give d(54).
38
Let n(v) = v**3 + 118*v**2 - 3756*v - 1642. Calculate n(-144).
86
Let f(n) = -16358*n - 8489802. Calculate f(-519).
0
Let v(j) = -j**3 + 30*j**2 + 2171*j + 466. Calculate v(64).
146
Let t(n) = -n**3 + 70*n**2 - 27*n + 829. What is t(70)?
-1061
Let j(c) = -1876*c + 405037. Give j(216).
-179
Let f(y) = 7*y**2 + 191*y + 46. Calculate f(-13).
-1254
Let w(l) = l**3 + 90*l**2 + 143*l + 12869. Determine w(-90).
-1
Let m(k) = 225*k - 4348. Determine m(18).
-298
Let i(n) = 13*n**3 - 111*n**2 + 17*n - 41. What is i(9)?
598
Let o(b) = 15*b**3 - 22*b**2 - 1457*b + 1459. Determine o(1).
-5
Let v(l) = -3667*l**2 - 51362*l - 77. Determine v(-14).
259
Let g(f) = f**3 + 1168*f**2 + 302637*f - 2334. Calculate g(-780).
6
Let v(z) = 116*z**2 + 3135*z + 185. Calculate v(-27).
104
Let h(w) = -7755*w + 90523. Calculate h(12).
-2537
Let p(x) = -347666*x + 2085984. What is p(6)?
-12
Let f(a) = -a**3 - 13*a**2 - 1620*a - 21062. Calculate f(-13).
-2
Let i(v) = -v**2 - 150*v + 693. What is i(-153)?
234
Let m(k) = -13006*k - 32541010. Calculate m(-2502).
2
Let x(p) = 18853*p**2 - 94248*p - 87. Give x(5).
-2
Let z(q) = 4118*q**2 + 20604*q + 6. Determine z(-5).
-64
Let k(l) = l**3 + 750*l**2 - 6973*l - 107791. What is k(-759)?
-13
Let u(z) = z**3 + 29*z**2 - 355*z - 5084. Calculate u(-35).
-9
Let h(q) = -150*q - 4018. Give h(-28).
182
Let s(n) = 110*n**3 + 541*n**2 + 12*n - 3. What is s(-5)?
-288
Let v(p) = -102*p**3 + 10*p**2 - 12*p - 44. Calculate v(-3).
2836
Let d(x) = 5*x**3 + 365*x**2 + 6178*x - 863. What is d(-27)?
1
Let s(d) = 1023*d**2 - 122748*d - 1423. Calculate s(120).
17
Let z(j) = -j**2 - 42172*j - 12686312. Calculate z(-303).
-5
Let z(v) = 6*v**3 + 87*v**2 + 36*v - 39. Determine z(-12).
1689
Let f(w) = -61867*w - 5073140. What is f(-82)?
-46
Let u(k) = 17*k**2 - 4247*k - 9311. What is u(252)?
13
Let p(j) = j**2 + 10292*j - 41186. What is p(4)?
-2
Let v(u) = -u**3 - 5*u**2 + 135*u + 1494. Give v(-10).
644
Let a(q) = 1779884*q + 3559764. Determine a(-2).
-4
Let i(l) = -13*l**2 - 142822*l + 142823. Give i(1).
-12
Let i(s) = 2727*s + 46336. Calculate i(-17).
-23
Let a(t) = -t**3 - 4*t**2 + 567*t - 3865. What is a(7)?
-435
Let x(z) = z**3 + 47*z**2 + 527*z - 341. Calculate x(-23).
234
Let j(g) = 18*g + 277. Determine j(-16).
-11
Let b(n) = -3*n**2 + 1121*n - 4454. Determine b(4).
-18
Let a(l) = 2*l**3 - 57*l**2 - 3703*l + 104433. What is a(28)?
-35
Let i(u) = 4*u**3 + 9*u**2 + 315*u + 2064. Give i(-7).
-1072
Let r(k) = -3828*k + 22970. Calculate r(6).
2
Let a(m) = -m**2 + 38*m + 4687. What is a(-51)?
148
Let g(d) = 10*d**2 - 1018*d + 796. Gi